[INFO] fetching crate kres 0.1.1...
[INFO] building kres-0.1.1 against master#881c1ac408d93bb7adaa3a51dabab9266e82eee8 for issue-85264
[INFO] extracting crate kres 0.1.1 into /workspace/builds/worker-12/source
[INFO] validating manifest of crates.io crate kres 0.1.1 on toolchain 881c1ac408d93bb7adaa3a51dabab9266e82eee8
[INFO] running `Command { std: "/workspace/cargo-home/bin/cargo" "+881c1ac408d93bb7adaa3a51dabab9266e82eee8" "metadata" "--manifest-path" "Cargo.toml" "--no-deps", kill_on_drop: false }`
[INFO] started tweaking crates.io crate kres 0.1.1
[INFO] finished tweaking crates.io crate kres 0.1.1
[INFO] tweaked toml for crates.io crate kres 0.1.1 written to /workspace/builds/worker-12/source/Cargo.toml
[INFO] running `Command { std: "/workspace/cargo-home/bin/cargo" "+881c1ac408d93bb7adaa3a51dabab9266e82eee8" "generate-lockfile" "--manifest-path" "Cargo.toml" "-Zno-index-update", kill_on_drop: false }`
[INFO] [stderr]     Blocking waiting for file lock on package cache
[INFO] running `Command { std: "/workspace/cargo-home/bin/cargo" "+881c1ac408d93bb7adaa3a51dabab9266e82eee8" "fetch" "--manifest-path" "Cargo.toml", kill_on_drop: false }`
[INFO] [stderr]  Downloading crates ...
[INFO] [stderr]   Downloaded jemallocator v0.1.9
[INFO] [stderr]   Downloaded backtrace v0.1.8
[INFO] [stderr]   Downloaded debugtrace v0.1.0
[INFO] [stderr]   Downloaded debug_stub_derive v0.3.0
[INFO] [stderr]   Downloaded xfailure v0.1.0
[INFO] [stderr]   Downloaded chomp v0.3.1
[INFO] [stderr]   Downloaded bindgen v0.43.2
[INFO] [stderr]   Downloaded debug-builders v0.1.0
[INFO] [stderr]   Downloaded clang-sys v0.26.4
[INFO] [stderr]   Downloaded dnssector v0.1.4
[INFO] [stderr]   Downloaded jemalloc-sys v0.1.8
[INFO] [stderr]   Downloaded either v0.1.7
[INFO] running `Command { std: "docker" "create" "-v" "/var/lib/crater-agent-workspace/builds/worker-12/target:/opt/rustwide/target:rw,Z" "-v" "/var/lib/crater-agent-workspace/builds/worker-12/source:/opt/rustwide/workdir:ro,Z" "-v" "/var/lib/crater-agent-workspace/cargo-home:/opt/rustwide/cargo-home:ro,Z" "-v" "/var/lib/crater-agent-workspace/rustup-home:/opt/rustwide/rustup-home:ro,Z" "-e" "SOURCE_DIR=/opt/rustwide/workdir" "-e" "CARGO_TARGET_DIR=/opt/rustwide/target" "-e" "CARGO_HOME=/opt/rustwide/cargo-home" "-e" "RUSTUP_HOME=/opt/rustwide/rustup-home" "-w" "/opt/rustwide/workdir" "-m" "1610612736" "--user" "0:0" "--network" "none" "ghcr.io/rust-lang/crates-build-env/linux@sha256:20528e8c29e4536546f0102ce88568b16ea7538393a33fcca951030f7af10457" "/opt/rustwide/cargo-home/bin/cargo" "+881c1ac408d93bb7adaa3a51dabab9266e82eee8" "metadata" "--no-deps" "--format-version=1", kill_on_drop: false }`
[INFO] [stdout] 656394ad18789fcf4808ad83852909406591f64a3cff89b9fca14cf45ff92dc4
[INFO] [stderr] WARNING: Your kernel does not support swap limit capabilities or the cgroup is not mounted. Memory limited without swap.
[INFO] running `Command { std: "docker" "start" "-a" "656394ad18789fcf4808ad83852909406591f64a3cff89b9fca14cf45ff92dc4", kill_on_drop: false }`
[INFO] running `Command { std: "docker" "inspect" "656394ad18789fcf4808ad83852909406591f64a3cff89b9fca14cf45ff92dc4", kill_on_drop: false }`
[INFO] running `Command { std: "docker" "rm" "-f" "656394ad18789fcf4808ad83852909406591f64a3cff89b9fca14cf45ff92dc4", kill_on_drop: false }`
[INFO] [stdout] 656394ad18789fcf4808ad83852909406591f64a3cff89b9fca14cf45ff92dc4
[INFO] running `Command { std: "docker" "create" "-v" "/var/lib/crater-agent-workspace/builds/worker-12/target:/opt/rustwide/target:rw,Z" "-v" "/var/lib/crater-agent-workspace/builds/worker-12/source:/opt/rustwide/workdir:ro,Z" "-v" "/var/lib/crater-agent-workspace/cargo-home:/opt/rustwide/cargo-home:ro,Z" "-v" "/var/lib/crater-agent-workspace/rustup-home:/opt/rustwide/rustup-home:ro,Z" "-e" "SOURCE_DIR=/opt/rustwide/workdir" "-e" "CARGO_TARGET_DIR=/opt/rustwide/target" "-e" "CARGO_INCREMENTAL=0" "-e" "RUST_BACKTRACE=full" "-e" "RUSTFLAGS=--cap-lints=forbid" "-e" "CARGO_HOME=/opt/rustwide/cargo-home" "-e" "RUSTUP_HOME=/opt/rustwide/rustup-home" "-w" "/opt/rustwide/workdir" "-m" "1610612736" "--user" "0:0" "--network" "none" "ghcr.io/rust-lang/crates-build-env/linux@sha256:20528e8c29e4536546f0102ce88568b16ea7538393a33fcca951030f7af10457" "/opt/rustwide/cargo-home/bin/cargo" "+881c1ac408d93bb7adaa3a51dabab9266e82eee8" "build" "--frozen" "--message-format=json", kill_on_drop: false }`
[INFO] [stdout] fcc34654b6b2734563cff93fcde35ad2e05edcf6ba701fbf77101cb372ee00f9
[INFO] [stderr] WARNING: Your kernel does not support swap limit capabilities or the cgroup is not mounted. Memory limited without swap.
[INFO] running `Command { std: "docker" "start" "-a" "fcc34654b6b2734563cff93fcde35ad2e05edcf6ba701fbf77101cb372ee00f9", kill_on_drop: false }`
[INFO] [stderr]    Compiling memchr v2.4.0
[INFO] [stderr]    Compiling cc v1.0.68
[INFO] [stderr]    Compiling bitflags v1.2.1
[INFO] [stderr]    Compiling cfg-if v1.0.0
[INFO] [stderr]    Compiling unicode-xid v0.1.0
[INFO] [stderr]    Compiling regex-syntax v0.6.25
[INFO] [stderr]    Compiling termcolor v1.1.2
[INFO] [stderr]    Compiling bindgen v0.43.2
[INFO] [stderr]    Compiling rand_core v0.4.2
[INFO] [stderr]    Compiling lazy_static v1.4.0
[INFO] [stderr]    Compiling cfg-if v0.1.10
[INFO] [stderr]    Compiling pkg-config v0.3.19
[INFO] [stderr]    Compiling byteorder v1.4.3
[INFO] [stderr]    Compiling nom v4.2.3
[INFO] [stderr]    Compiling clang-sys v0.26.4
[INFO] [stderr]    Compiling humantime v1.3.0
[INFO] [stderr]    Compiling owning_ref v0.4.1
[INFO] [stderr]    Compiling which v1.0.5
[INFO] [stderr]    Compiling parking_lot_core v0.3.1
[INFO] [stderr]    Compiling log v0.4.14
[INFO] [stderr]    Compiling socket2 v0.3.19
[INFO] [stderr]    Compiling lock_api v0.1.5
[INFO] [stderr]    Compiling proc-macro2 v0.3.5
[INFO] [stderr]    Compiling rand_core v0.3.1
[INFO] [stderr]    Compiling rand v0.5.6
[INFO] [stderr]    Compiling bytes v0.4.12
[INFO] [stdout] error[E0658]: trait bounds other than `Sized` on const fn parameters are unstable
[INFO] [stdout]   --> /opt/rustwide/cargo-home/registry/src/github.com-1ecc6299db9ec823/lock_api-0.1.5/src/mutex.rs:99:6
[INFO] [stdout]    |
[INFO] [stdout] 99 | impl<R: RawMutex, T> Mutex<R, T> {
[INFO] [stdout]    |      ^
[INFO] [stdout]    |
[INFO] [stdout]    = note: see issue #57563 <https://github.com/rust-lang/rust/issues/57563> for more information
[INFO] [stdout]    = help: add `#![feature(const_fn_trait_bound)]` to the crate attributes to enable
[INFO] [stdout] 
[INFO] [stdout] 
[INFO] [stdout] error[E0658]: trait bounds other than `Sized` on const fn parameters are unstable
[INFO] [stdout]    --> /opt/rustwide/cargo-home/registry/src/github.com-1ecc6299db9ec823/lock_api-0.1.5/src/remutex.rs:150:6
[INFO] [stdout]     |
[INFO] [stdout] 150 | impl<R: RawMutex, G: GetThreadId, T> ReentrantMutex<R, G, T> {
[INFO] [stdout]     |      ^
[INFO] [stdout]     |
[INFO] [stdout]     = note: see issue #57563 <https://github.com/rust-lang/rust/issues/57563> for more information
[INFO] [stdout]     = help: add `#![feature(const_fn_trait_bound)]` to the crate attributes to enable
[INFO] [stdout] 
[INFO] [stdout] 
[INFO] [stdout] error[E0658]: trait bounds other than `Sized` on const fn parameters are unstable
[INFO] [stdout]    --> /opt/rustwide/cargo-home/registry/src/github.com-1ecc6299db9ec823/lock_api-0.1.5/src/remutex.rs:150:19
[INFO] [stdout]     |
[INFO] [stdout] 150 | impl<R: RawMutex, G: GetThreadId, T> ReentrantMutex<R, G, T> {
[INFO] [stdout]     |                   ^
[INFO] [stdout]     |
[INFO] [stdout]     = note: see issue #57563 <https://github.com/rust-lang/rust/issues/57563> for more information
[INFO] [stdout]     = help: add `#![feature(const_fn_trait_bound)]` to the crate attributes to enable
[INFO] [stdout] 
[INFO] [stdout] 
[INFO] [stdout] error[E0658]: trait bounds other than `Sized` on const fn parameters are unstable
[INFO] [stdout]    --> /opt/rustwide/cargo-home/registry/src/github.com-1ecc6299db9ec823/lock_api-0.1.5/src/rwlock.rs:236:6
[INFO] [stdout]     |
[INFO] [stdout] 236 | impl<R: RawRwLock, T> RwLock<R, T> {
[INFO] [stdout]     |      ^
[INFO] [stdout]     |
[INFO] [stdout]     = note: see issue #57563 <https://github.com/rust-lang/rust/issues/57563> for more information
[INFO] [stdout]     = help: add `#![feature(const_fn_trait_bound)]` to the crate attributes to enable
[INFO] [stdout] 
[INFO] [stdout] 
[INFO] [stderr]    Compiling clap v2.33.3
[INFO] [stdout] error: aborting due to 4 previous errors
[INFO] [stdout] 
[INFO] [stdout] 
[INFO] [stdout] For more information about this error, try `rustc --explain E0658`.
[INFO] [stdout] 
[INFO] [stderr]    Compiling quote v0.5.2
[INFO] [stderr] error: could not compile `lock_api`
[INFO] [stderr] 
[INFO] [stderr] To learn more, run the command again with --verbose.
[INFO] [stderr] warning: build failed, waiting for other jobs to finish...
[INFO] [stderr] error: build failed
[INFO] running `Command { std: "docker" "inspect" "fcc34654b6b2734563cff93fcde35ad2e05edcf6ba701fbf77101cb372ee00f9", kill_on_drop: false }`
[INFO] running `Command { std: "docker" "rm" "-f" "fcc34654b6b2734563cff93fcde35ad2e05edcf6ba701fbf77101cb372ee00f9", kill_on_drop: false }`
[INFO] [stdout] fcc34654b6b2734563cff93fcde35ad2e05edcf6ba701fbf77101cb372ee00f9
